18.
12
Calculate the remainder when 44057 is divided by 5485.
177
Calculate the remainder when 403590 is divided by 742.
684
What is the remainder when 5760829 is divided by 28?
25
What is the remainder when 18894896 is divided by 4247?
4240
Calculate the remainder when 202183 is divided by 681.
607
What is the remainder when 432168 is divided by 4391?
1850
Calculate the remainder when 741087 is divided by 692.
647
Calculate the remainder when 8242460 is divided by 164849.
10
Calculate the remainder when 39718 is divided by 19675.
368
What is the remainder when 39553 is divided by 989?
982
Calculate the remainder when 439242183 is divided by 36603515.
3
What is the remainder when 2175638 is divided by 2271?
20
Calculate the remainder when 570235 is divided by 15002.
159
Calculate the remainder when 2228514 is divided by 318359.
1
What is the remainder when 2817164 is divided by 576?
524
What is the remainder when 52189618 is divided by 11116?
11114
Calculate the remainder when 1132803 is divided by 206.
9
What is the remainder when 6069259 is divided by 111?
1
What is the remainder when 58769689 is divided by 43?
41
Calculate the remainder when 6657874 is divided by 350412.
46
Calculate the remainder when 548671 is divided by 389.
181
What is the remainder when 219231 is divided by 21883?
401
Calculate the remainder when 428095 is divided by 28539.
10
Calculate the remainder when 7123592 is divided by 19954.
14
Calculate the remainder when 14276952 is divided by 758.
22
Calculate the remainder when 20451133 is divided by 314.
313
Calculate the remainder when 97027 is divided by 1078.
7
Calculate the remainder when 125383 is divided by 1007.
515
Calculate the remainder when 689737 is divided by 1175.
12
What is the remainder when 1907997 is divided by 1907997?
0
What is the remainder when 153767 is divided by 844?
159
Calculate the remainder when 2262283 is divided by 1197.
1150
Calculate the remainder when 1610612 is divided by 805210.
192
What is the remainder when 129252 is divided by 3589?
48
Calculate the remainder when 2323579 is divided by 111.
16
What is the remainder when 424357 is divided by 106056?
133
What is the remainder when 4194066 is divided by 22074?
6
Calculate the remainder when 1258339 is divided by 45.
4
Calculate the remainder when 5479971 is divided by 308.
35
What is the remainder when 132689213 is divided by 22?
19
Calculate the remainder when 1393797691 is divided by 1151.
1147
Calculate the remainder when 4595489 is divided by 874.
871
Calculate the remainder when 207603 is divided by 161.
74
What is the remainder when 911235 is divided by 1356?
3
Calculate the remainder when 711750 is divided by 142329.
105
What is the remainder when 571987 is divided by 716?
619
Calculate the remainder when 413304889 is divided by 2834.
2831
What is the remainder when 367920 is divided by 3717?
3654
Calculate the remainder when 18704 is divided by 547.
106
What is the remainder when 29256785 is divided by 9752254?
23
What is the remainder when 225579 is divided by 73?
9
What is the remainder when 3226 is divided by 425?
251
What is the remainder when 84569 is divided by 358?
81
What is the remainder when 24514054 is divided by 1116?
1114
What is the remainder when 24285048 is divided by 5649?
5646
Calculate the remainder when 2736678 is divided by 109463.
103
Calculate the remainder when 289332 is divided by 81.
0
What is the remainder when 1640122 is divided by 205015?
2
What is the remainder when 9474059 is divided by 631603?
14
What is the remainder when 5782 is divided by 2863?
56
Calculate the remainder when 23238 is divided by 11032.
1174
Calculate the remainder when 24018921 is divided by 2401891.
11
What is the remainder when 1918644 is divided by 191863?
14
Calculate the remainder when 10684440 is divided by 798.
18
What is the remainder when 660540 is divided by 2962?
14
Calculate the remainder when 253007819 is divided by 261642.
5
Calculate the remainder when 502505 is divided by 5522.
3
Calculate the remainder when 2677679 is divided by 102986.
43
Calculate the remainder when 17531710 is divided by 5843889.
43
Calculate the remainder when 41489471 is divided by 487.
480
Calculate the remainder when 11642 is divided by 3753.
383
Calculate the remainder when 45073 is divided by 8715.
1498
Calculate the remainder when 841119 is divided by 832.
799
Calculate the remainder when 1799778 is divided by 41849.
271
Calculate the remainder when 3388946383 is divided by 165.
163
Calculate the remainder when 13451599 is divided by 110.
29
Calculate the remainder when 130883 is divided by 232.
35
Calculate the remainder when 2139292 is divided by 559.
558
Calculate the remainder when 1652958 is divided by 165294.
18
What is the remainder when 357168 is divided by 71427?
33
Calculate the remainder when 38328 is divided by 2024.
1896
What is the remainder when 283243 is divided by 74?
45
Calculate the remainder when 315244 is divided by 136.
132
Calculate the remainder when 23512 is divided by 143.
60
What is the remainder when 41334891 is divided by 492082?
3
Calculate the remainder when 284924 is divided by 2434.
146
What is the remainder when 322795 is divided by 863?
33
Calculate the remainder when 10236621 is divided by 388.
17
What is the remainder when 987785 is divided by 2593?
2445
What is the remainder when 60169 is divided by 4508?
1565
What is the remainder when 614645 is divided by 3105?
2960
What is the remainder when 666625 is divided by 455?
50
What is the remainder when 34629220 is divided by 8657304?
4
Calculate the remainder when 203497 is divided by 929.
46
What is the remainder when 1076508 is divided by 71766?
18
Calculate the remainder when 335009 is divided by 4785.
59
Calculate the remainder when 682129 is divided by 13375.
4
What is the remainder when 146440 is divided by 1162?
28
Calculate the remainder when 24610698 is divided by 65.
8
Calculate the remainder when 460967 is divided by 38.
27
What is the remainder when 4193648 is divided by 2451?
2438
What is the remainder when 10059514 is divided by 1079?
1076
What is the remainder when 978229 is divided by 27?
19
What is the remainder when 4813679 is divided by 789?
779
What is the remainder when 11184963 is divided by 351?
348
What is the remainder when 4980521 is divided by 8990?
61
Calculate the remainder when 69354 is divided by 3137.
340
What is the remainder when 142579195 is divided by 32?
27
What is the remainder when 1092479 is divided by 1092444?
35
Calculate the remainder when 3499901 is divided by 74465.
46
What is the remainder when 4043891 is divided by 9047?
8929
Calculate the remainder when 3977848 is divided by 150.
148
What is the remainder when 155003 is divided by 3579?
1106
Calculate the remainder when 16527 is divided by 89.
62
What is the remainder when 346780 is divided by 1098?
910
Calculate the remainder when 57219335 is divided by 38.
37
What is the remainder when 380127328 is divided by 990?
988
Calculate the remainder when 2611794 is divided by 76817.
16
What is the remainder when 205815 is divided by 201845?
3970
What is the remainder when 79640987 is divided by 102?
101
What is the remainder when 17813480 is divided by 77?
69
What is the remainder when 303026 is divided by 21?
17
Calculate the remainder when 1467978 is divided by 489296.
90
Calculate the remainder when 76794267 is divided by 294.
291
Calculate the remainder when 837158 is divided by 210.
98
What is the remainder when 7087513 is divided by 3543697?
119
What is the remainder when 3666320 is divided by 1222058?
146
Calculate the remainder when 16759368 is divided by 67577.
272
Calculate the remainder when 5094592 is divided by 212.
20
Calculate the remainder when 2467438 is divided by 1524.
82
Calculate the remainder when 143269 is divided by 316.
121
Calculate the remainder when 6334240 is divided by 14014.
13926
What is the remainder when 1073307 is divided by 357688?
243
What is the remainder when 283413 is divided by 657?
246
Calculate the remainder when 2483512 is divided by 102.
16
Calculate the remainder when 7087082 is divided by 527.
513
What is the remainder when 2451075 is divided by 408505?
45
Calculate the remainder when 63114598 is divided by 